{"id":4758,"date":"2020-09-16T13:14:06","date_gmt":"2020-09-16T13:14:06","guid":{"rendered":"https:\/\/sktthemesdemo.net\/complete\/?page_id=4758"},"modified":"2021-09-07T20:44:54","modified_gmt":"2021-09-08T00:44:54","slug":"rtl-tested","status":"publish","type":"page","link":"https:\/\/www.egliseberee.com\/?page_id=4758","title":{"rendered":"Pr\u00e9dications"},"content":{"rendered":"<p>Ressources spirituelles<\/p>\n<div class=\"site-section bg-light\">\n<div class=\"container\">\n<div class=\"row\">\n<div class=\"col-12 text-center mb-3\">\n<table border=\"0\" width=\"100%\">\n<tbody>\n<tr>\n<td width=\"180\"><img loading=\"lazy\" src=\"images\/McGuffie.jpg\" width=\"179\" height=\"215\" border=\"0\" \/><\/td>\n<td width=\"40\"><\/td>\n<td><b><span class=\"text-uppercase\"><span style=\"font-size: x-large;\">\u201cLe miracle d&#8217;une nouvelle vision\u201d<\/span><\/span><\/b> \u2014 <span class=\"small\"><em><br \/>\n<span style=\"font-size: large;\">Pr\u00e9dicateur<\/span><\/em><span style=\"font-size: large;\"><br \/>\nPasteur Eden McGuffie<\/span><\/span><br \/>\n\u2014 21 juin 2020 \u2014<\/td>\n<\/tr>\n<\/tbody>\n<\/table>\n<p align=\"justify\">\n<\/div>\n<div class=\"col-12\">\n<div class=\"player\"><audio id=\"player2\" style=\"max-width: 100%;\" preload=\"none\" controls=\"controls\"><source src=\"Predications\/2020-06-21-Culte.mp3\" type=\"audio\/mp3\" \/><\/audio><\/div>\n<\/div>\n<\/div>\n<\/div>\n<\/div>\n<p>================================================================================<\/p>\n<div class=\"site-section bg-light\">\n<div class=\"container\">\n<div class=\"row\">\n<div class=\"col-12 text-center mb-3\">\n<table border=\"0\" width=\"100%\">\n<tbody>\n<tr>\n<td width=\"180\"><img loading=\"lazy\" src=\"images\/\u00c9lys\u00e9e%202.jpg\" width=\"179\" height=\"215\" border=\"0\" \/><\/td>\n<td width=\"40\"><\/td>\n<td><b><span class=\"text-uppercase\"><span style=\"font-size: x-large;\">\u201cLe\u00e7on de choses de SAMSON\u201d<\/span><\/span><\/b> \u2014 <span class=\"small\"><em><br \/>\n<span style=\"font-size: large;\">Pr\u00e9dicateur<\/span><\/em><span style=\"font-size: large;\"><br \/>\nPasteur \u00c9lys\u00e9e Isidor<\/span><\/span><br \/>\n\u2014 14 juin 2020 \u2014<br \/>\nSamson est un juge incompris par plus d&#8217;un pourtant, il est cit\u00e9 parmi les h\u00e9ros de la foi. Serait-il un syndrome \u00e0 \u00e9viter ou un exemple de fid\u00e9lit\u00e9 et de foi en Dieu \u00e0 imiter<\/td>\n<\/tr>\n<\/tbody>\n<\/table>\n<p align=\"justify\">\n<\/div>\n<p><audio id=\"player2\" preload=\"none\" controls=\"controls\"><source src=\"Predications\/2020-06-14-Culte.mp3\" type=\"audio\/mp3\" \/><\/audio><\/p>\n<\/div>\n<\/div>\n<\/div>\n<p>================================================================================<\/p>\n<div class=\"site-section bg-light\">\n<div class=\"container\">\n<div class=\"row\">\n<div class=\"col-12 text-center mb-3\">\n<table border=\"0\" width=\"100%\">\n<tbody>\n<tr>\n<td width=\"180\"><img loading=\"lazy\" src=\"images\/\u00c9lys\u00e9e%202.jpg\" width=\"179\" height=\"215\" border=\"0\" \/><\/td>\n<td width=\"40\"><\/td>\n<td><b><span class=\"text-uppercase\"><span style=\"font-size: x-large;\">\u201cPers\u00e9cuteurs ou alli\u00e9s spirituels\u201d<\/span><\/span><\/b> \u2014 <span class=\"small\"><em><br \/>\n<span style=\"font-size: large;\">Pr\u00e9dicateur<\/span><\/em><span style=\"font-size: large;\"><br \/>\nPasteur \u00c9lys\u00e9e<\/span><\/span><br \/>\n\u2014 7 juin 2020 \u2014Suite de la semaine derni\u00e8re<br \/>\nComment voir la vie de Joseph et de ses fr\u00e8res qui ont tent\u00e9 de d\u00e9truire ses r\u00eaves. Ce fut sans succ\u00e8s. Et nous, comment voyons nous ceux qui paraissent lutter contre le plan de notre vie.<\/td>\n<\/tr>\n<\/tbody>\n<\/table>\n<p align=\"justify\">\n<\/div>\n<p><audio id=\"player2\" preload=\"none\" controls=\"controls\"><source src=\"Predications\/2020-06-07-Culte.mp3\" type=\"audio\/mp3\" \/><\/audio><\/p>\n<\/div>\n<\/div>\n<\/div>\n<p>===============================================================================<\/p>\n<div class=\"site-section bg-light\">\n<div class=\"container\">\n<div class=\"row\">\n<div class=\"col-12 text-center mb-3\">\n<table border=\"0\" width=\"100%\">\n<tbody>\n<tr>\n<td width=\"180\"><img loading=\"lazy\" src=\"images\/\u00c9lys\u00e9e%202.jpg\" width=\"179\" height=\"215\" border=\"0\" \/><\/td>\n<td width=\"40\"><\/td>\n<td><b><span class=\"text-uppercase\"><span style=\"font-size: x-large;\">\u201cPers\u00e9cuteurs ou alli\u00e9s spirituels\u201d<\/span><\/span><\/b> \u2014 <span class=\"small\"><em><br \/>\n<span style=\"font-size: large;\">Pr\u00e9dicateur<\/span><\/em><span style=\"font-size: large;\"><br \/>\nPasteur \u00c9lys\u00e9e<\/span><\/span><br \/>\n\u2014 31 mai 2020 \u2014Comment voir la vie de Joseph et de ses fr\u00e8res qui ont tent\u00e9 de d\u00e9truire ses r\u00eaves. Ce fut sans succ\u00e8s. Et nous, comment voyons nous ceux qui paraissent lutter contre le plan de notre vie.<\/td>\n<\/tr>\n<\/tbody>\n<\/table>\n<p align=\"justify\">\n<\/div>\n<p>&nbsp;<\/p>\n<div class=\"col-12\">\n<div class=\"player\"><audio id=\"player2\" style=\"max-width: 100%;\" preload=\"none\" controls=\"controls\"><source src=\"Predications\/2020-05-31-Culte.mp3\" type=\"audio\/mp3\" \/><\/audio><\/div>\n<\/div>\n<\/div>\n<\/div>\n<\/div>\n<p>================================================================================<\/p>\n<div class=\"site-section bg-light\">\n<div class=\"container\">\n<div class=\"row\">\n<div class=\"col-12 text-center mb-3\">\n<table border=\"0\" width=\"100%\">\n<tbody>\n<tr>\n<td width=\"180\"><img loading=\"lazy\" src=\"images\/Dom.jpg\" width=\"179\" height=\"215\" border=\"0\" \/><\/td>\n<td width=\"40\"><\/td>\n<td><b><span class=\"text-uppercase\"><span style=\"font-size: x-large;\">\u201c En ces temps difficiles, voyons nous le verre \u00e0 moiti\u00e9 plein ou \u00e0 moiti\u00e9 vide?\u201d<\/span><\/span><\/b>\u00a0\u2014 <span class=\"small\"><em><br \/>\n<span style=\"font-size: large;\">Pr\u00e9dicateur<\/span><\/em><span style=\"font-size: large;\"><br \/>\nPasteur Dominique Majeau<\/span><\/span> \u2014 24 mai 2020 \u2014Lorsqu&#8217; arrive une \u00e9preuve dans notre vie, comment<br \/>\nr\u00e9agissons-nous? Est-ce que les \u00e9preuves sont pour nous une source<br \/>\nde d\u00e9couragement ou bien une opportunit\u00e9 d&#8217;apprentissage. Lors d&#8217;une<br \/>\n\u00e9preuve comment voyons nous Dieu?<\/td>\n<\/tr>\n<\/tbody>\n<\/table>\n<p align=\"justify\">\n<\/div>\n<p>&nbsp;<\/p>\n<div class=\"col-12\">\n<div class=\"player\"><audio id=\"player2\" style=\"max-width: 100%;\" preload=\"none\" controls=\"controls\"><source src=\"Predications\/2020-05-24 - Culte.mp3\" type=\"audio\/mp3\" \/><\/audio><\/div>\n<\/div>\n<\/div>\n<\/div>\n<\/div>\n<p>================================================================================<\/p>\n<div class=\"site-section bg-light\">\n<div class=\"container\">\n<div class=\"row\">\n<div class=\"col-12 text-center mb-3\">\n<table border=\"0\" width=\"100%\">\n<tbody>\n<tr>\n<td width=\"180\"><img loading=\"lazy\" src=\"images\/Alain_1022.JPG\" width=\"179\" height=\"215\" border=\"0\" \/><\/td>\n<td width=\"40\"><\/td>\n<td><b><span class=\"text-uppercase\"><span style=\"font-size: x-large;\">\u201c Des noms et des nombres\u201d<\/span><\/span><\/b> \u2014 <span class=\"small\"><em><br \/>\n<span style=\"font-size: large;\">Pr\u00e9dicateur<\/span><\/em><span style=\"font-size: large;\"><br \/>\nPasteur Alain St-Pierre<\/span><\/span><br \/>\n\u2014 17 mai 2020 \u2014 mdash;Tout au long des textes de la Bible, Dieu a inspir\u00e9 les<br \/>\n\u00e9crivains \u00e0 ins\u00e9rer les noms d&#8217;individus et le nombre des<br \/>\npersonnes. Aujourd&#8217;hui, Dieu se souvient de chacun d&#8217;eux et<br \/>\ndonc de chacun de nous.<\/td>\n<\/tr>\n<\/tbody>\n<\/table>\n<p align=\"justify\">\n<\/div>\n<p>&nbsp;<\/p>\n<div class=\"col-12\">\n<div class=\"player\"><audio id=\"player2\" style=\"max-width: 100%;\" preload=\"none\" controls=\"controls\"><source src=\"Predications\/2020-05-17-Culte.mp3\" type=\"audio\/mp3\" \/><\/audio><\/div>\n<\/div>\n<\/div>\n<\/div>\n<\/div>\n<p>================================================================================<\/p>\n<div class=\"site-section bg-light\">\n<div class=\"container\">\n<div class=\"row\">\n<div class=\"col-12 text-center mb-3\">\n<table border=\"0\" width=\"100%\">\n<tbody>\n<tr>\n<td width=\"180\"><img loading=\"lazy\" src=\"images\/\u00c9lys\u00e9e%202.jpg\" width=\"179\" height=\"215\" border=\"0\" \/><\/td>\n<td width=\"40\"><\/td>\n<td><b><span class=\"text-uppercase\"><span style=\"font-size: x-large;\">\u201c Comment le Saint-Esprit aide \u00e0 faire le minist\u00e8re\u201d<\/span><\/span><\/b> \u2014 <span class=\"small\"><em><br \/>\n<span style=\"font-size: large;\">Pr\u00e9dicateur<\/span><\/em><span style=\"font-size: large;\"><br \/>\nPasteur \u00c9lys\u00e9e<\/span><\/span><br \/>\n\u2014 3 mai 2020 \u2014\u00c0 la crucifixion, Dieu le fils \u00e9tait en croix et il a<br \/>\nprononc\u00e9 sept paroles. Dieu le p\u00e8re a op\u00e9r\u00e9 cinq miracles,<br \/>\nquand est-il du Saint-Esprit.<\/td>\n<\/tr>\n<\/tbody>\n<\/table>\n<p align=\"justify\">\n<\/div>\n<p>&nbsp;<\/p>\n<div class=\"col-12\">\n<div class=\"player\"><audio id=\"player2\" style=\"max-width: 100%;\" preload=\"none\" controls=\"controls\"><source src=\"Predications\/2020-05-03-message.mp3\" type=\"audio\/mp3\" \/><\/audio><\/div>\n<\/div>\n<\/div>\n<\/div>\n<\/div>\n<p>================================================================================<\/p>\n<div class=\"site-section bg-light\">\n<div class=\"container\">\n<div class=\"row\">\n<div class=\"col-12 text-center mb-3\">\n<table border=\"0\" width=\"100%\">\n<tbody>\n<tr>\n<td width=\"180\"><img loading=\"lazy\" src=\"images\/\u00c9lys\u00e9e%202.jpg\" width=\"179\" height=\"215\" border=\"0\" \/><\/td>\n<td width=\"40\"><\/td>\n<td><b><span class=\"text-uppercase\"><span style=\"font-size: x-large;\">\u201cLes cinq miracles\u201d<\/span><\/span><\/b> \u2014 <span class=\"small\"><em><br \/>\n<span style=\"font-size: large;\">Pr\u00e9dicateur<\/span><\/em><span style=\"font-size: large;\"> Pasteur \u00c9lys\u00e9e<\/span><\/span><br \/>\n\u2014 26 avril 2020 \u2014<\/p>\n<p align=\"justify\">Les r\u00e9actions du P\u00e8re lors de la crucifixion de son Fils J\u00e9sus. Nous connaissons d\u00e9j\u00e0 les derni\u00e8res paroles de J\u00e9sus sur la croix, mais nous connaissons moins les cinq miracles que Dieu a op\u00e9r\u00e9 lors de la crucifixion de J\u00e9sus.<\/p>\n<p align=\"justify\">C&#8217;est le th\u00e8me de ce message.<\/p>\n<\/td>\n<\/tr>\n<\/tbody>\n<\/table>\n<p align=\"justify\">\n<\/div>\n<div class=\"col-12\">\n<div class=\"player\"><audio id=\"player2\" style=\"max-width: 100%;\" preload=\"none\" controls=\"controls\"><source src=\"Predications\/2020-04-19-message.mp3\" type=\"audio\/mp3\" \/><\/audio><\/div>\n<\/div>\n<\/div>\n<\/div>\n<\/div>\n    <!-- sktbuilder starter --><script type=\"text\/javascript\" src=\"https:\/\/www.egliseberee.com\/wp-content\/plugins\/skt-builder\/sktbuilder\/sktbuilder-frontend-starter.js\"><\/script><script type=\"text\/javascript\" src=\"https:\/\/www.egliseberee.com\/wp-content\/plugins\/skt-builder\/sktbuilder-wordpress-driver.js\"><\/script><script type=\"text\/javascript\"> var starter = new SktbuilderStarter({\"mode\": \"prod\", \"skip\":[\"jquery\",\"underscore\",\"backbone\"],\"sktbuilderUrl\": \"https:\/\/www.egliseberee.com\/wp-content\/plugins\/skt-builder\/sktbuilder\/\", \"driver\": new SktbuilderWordpressDriver({\"ajaxUrl\": \"https:\/\/www.egliseberee.com\/wp-admin\/admin-ajax.php\", \"iframeUrl\": \"https:\/\/www.egliseberee.com\/?page_id=4758&sktbuilder=true\", \"pageId\": 4758, \"pages\": [{\"title\":\"Qui sommes-nous?\",\"url\":\"https:\\\/\\\/www.egliseberee.com\\\/wp-admin\\\/post.php?post=4772&action=sktbuilder\"},{\"title\":\"Nous croyons\",\"url\":\"https:\\\/\\\/www.egliseberee.com\\\/wp-admin\\\/post.php?post=1749&action=sktbuilder\"},{\"title\":\"Accueil\",\"url\":\"https:\\\/\\\/www.egliseberee.com\\\/wp-admin\\\/post.php?post=4476&action=sktbuilder\"},{\"title\":\"Faire un don\",\"url\":\"https:\\\/\\\/www.egliseberee.com\\\/wp-admin\\\/post.php?post=4830&action=sktbuilder\"},{\"title\":\"Nos r\\u00e9unions\",\"url\":\"https:\\\/\\\/www.egliseberee.com\\\/wp-admin\\\/post.php?post=5019&action=sktbuilder\"}], \"page\": \"Pr\u00e9dications\" }) });<\/script><!-- end sktbuilder starter -->","protected":false},"excerpt":{"rendered":"<p>Ressources spirituelles \u201cLe miracle d&#8217;une nouvelle vision\u201d \u2014 Pr\u00e9dicateur Pasteur Eden McGuffie \u2014 21 juin 2020 \u2014 ================================================================================ \u201cLe\u00e7on de choses de SAMSON\u201d \u2014 Pr\u00e9dicateur Pasteur \u00c9lys\u00e9e Isidor \u2014 14<br \/><a class=\"moretag\" href=\"https:\/\/www.egliseberee.com\/?page_id=4758\">+ Read More<\/a><\/p>\n","protected":false},"author":1,"featured_media":4825,"parent":0,"menu_order":0,"comment_status":"closed","ping_status":"closed","template":"templates\/page-fullwidth_template.php","meta":[],"_links":{"self":[{"href":"https:\/\/www.egliseberee.com\/index.php?rest_route=\/wp\/v2\/pages\/4758"}],"collection":[{"href":"https:\/\/www.egliseberee.com\/index.php?rest_route=\/wp\/v2\/pages"}],"about":[{"href":"https:\/\/www.egliseberee.com\/index.php?rest_route=\/wp\/v2\/types\/page"}],"author":[{"embeddable":true,"href":"https:\/\/www.egliseberee.com\/index.php?rest_route=\/wp\/v2\/users\/1"}],"replies":[{"embeddable":true,"href":"https:\/\/www.egliseberee.com\/index.php?rest_route=%2Fwp%2Fv2%2Fcomments&post=4758"}],"version-history":[{"count":2,"href":"https:\/\/www.egliseberee.com\/index.php?rest_route=\/wp\/v2\/pages\/4758\/revisions"}],"predecessor-version":[{"id":4855,"href":"https:\/\/www.egliseberee.com\/index.php?rest_route=\/wp\/v2\/pages\/4758\/revisions\/4855"}],"wp:featuredmedia":[{"embeddable":true,"href":"https:\/\/www.egliseberee.com\/index.php?rest_route=\/wp\/v2\/media\/4825"}],"wp:attachment":[{"href":"https:\/\/www.egliseberee.com\/index.php?rest_route=%2Fwp%2Fv2%2Fmedia&parent=4758"}],"curies":[{"name":"wp","href":"https:\/\/api.w.org\/{rel}","templated":true}]}}